 4) to base 16.
-851
What is -10010 (base 5) in base 15?
-2c0
24d (base 15) to base 12
377
-901 (base 12) to base 10
-1297
Convert -801a (base 11) to base 2.
-10100110101101
8305 (base 14) to base 12
11069
Convert 1321 (base 6) to base 11.
287
63aa (base 12) to base 6
122334
101100001111110 (base 2) to base 8
54176
Convert 34a5 (base 12) to base 7.
23105
What is 14873 (base 10) in base 12?
8735
Convert 10000001 (base 3) to base 11.
170a
1220122 (base 3) to base 14
718
-1847 (base 10) to base 4
-130313
-382 (base 9) to base 6
-1245
What is -103042 (base 6) in base 3?
-102120222
324 (base 14) to base 3
211222
4bf (base 16) to base 2
10010111111
Convert -56433 (base 9) to base 10.
-37533
Convert 15d7 (base 14) to base 7.
14260
What is 171 (base 15) in base 13?
1c6
202111 (base 3) to base 16
229
Convert 102212220 (base 3) to base 16.
21d8
-21001102 (base 3) to base 11
-3954
-24667 (base 9) to base 15
-4daa
Convert -1555 (base 6) to base 16.
-1af
Convert -106336 (base 7) to base 8.
-45137
-35e (base 15) to base 2
-1011111100
What is 121114 (base 7) in base 13?
a033
-751 (base 13) to base 8
-2341
What is 4340 (base 9) in base 15?
e30
1035 (base 7) to base 12
269
What is 42378 (base 9) in base 2?
110110101110000
What is -8f5 (base 16) in base 8?
-4365
Convert 20377 (base 12) to base 8.
122013
Convert 142112 (base 5) to base 8.
13423
Convert -1241 (base 9) to base 15.
-41d
What is 21763 (base 8) in base 2?
10001111110011
What is -22003 (base 6) in base 10?
-3027
What is -121143 (base 5) in base 12?
-2770
Convert 6857 (base 13) to base 9.
22028
Convert -322 (base 7) to base 9.
-201
What is 100111000101 (base 2) in base 15?
b1b
Convert -2ca (base 16) to base 11.
-59a
Convert -8b2 (base 14) to base 7.
-5012
Convert 461 (base 13) to base 16.
2f3
Convert 17103 (base 8) to base 13.
36ac
-103312 (base 6) to base 4
-2011130
185 (base 11) to base 14
114
-244 (base 12) to base 11
-28a
Convert -5535 (base 6) to base 3.
-1202112
-133372 (base 8) to base 6
-1000510
Convert 25462 (base 9) to base 6.
211215
What is 122223 (base 4) in base 13?
a14
What is -344660 (base 7) in base 5?
-3433413
110443 (base 6) to base 2
10010000011011
-10540 (base 8) to base 4
-1011200
-2000011022 (base 3) to base 12
-1aa22
Convert -2a98 (base 13) to base 4.
-1201001
What is 1013 (base 6) in base 2?
11100001
What is -264a (base 12) in base 3?
-20000011
Convert 4c1 (base 15) to base 14.
573
Convert -4412 (base 12) to base 15.
-2352
-10100100001010 (base 2) to base 14
-3b86
2c0 (base 15) to base 12
446
Convert 104244 (base 6) to base 8.
21044
-11182 (base 9) to base 15
-2315
Convert 100110010 (base 2) to base 4.
10302
74d (base 15) to base 16
670
What is 54c (base 13) in base 12?
639
What is 110110111000 (base 2) in base 8?
6670
What is -10000001110111 (base 2) in base 3?
-102101211
3404 (base 5) to base 16
1df
Convert 5212 (base 7) to base 11.
1407
Convert 12687 (base 9) to base 2.
10000110001000
Convert 1256 (base 10) to base 5.
20011
What is 660 (base 7) in base 15?
176
What is 10631 (base 13) in base 9?
44555
Convert 2124a (base 11) to base 10.
30909
What is 364230 (base 7) in base 6?
1231010
What is -1044032 (base 5) in base 10?
-18642
What is -13428 (base 10) in base 6?
-142100
Convert 2320 (base 6) to base 9.
673
Convert -2133 (base 13) to base 2.
-1000111111101
110100010100 (base 2) to base 16
d14
Convert 45 (base 11) to base 9.
54
What is -45225 (base 7) in base 16?
-2cac
Convert 1034214 (base 5) to base 11.
12628
What is -113305 (base 7) in base 5?
-1123024
What is -540 (base 12) in base 3?
-1001110
3012222 (base 5) to base 14
135d2
What is 13124 (base 7) in base 5?
102442
49b (base 14) to base 13
55b
Convert -12231 (base 10) to base 4.
-2333013
Convert -677 (base 15) to base 16.
-5b6
What is -6446 (base 15) in base 16?
-52e0
ab83 (base 15) to base 10
36348
What is -207 (base 11) in base 9?
-306
What is 1099 (base 13) in base 8?
4423
Convert -6605 (base 8) to base 2.
-110110000101
-116 (base 11) to base 10
-138
What is 110110110010001 (base 2) in base 9?
42425
-335556 (base 7) to base 3
-10000210100
What is -6b97 (base 14) in base 12?
-aa29
-77032 (base 9) to base 13
-1a318
Convert -3324 (base 9) to base 15.
-ad7
Convert 827 (base 12) to base 10.
1183
Convert -2401 (base 6) to base 15.
-287
-10046 (base 11) to base 8
-34543
-1e7b (base 15) to base 13
-303b
What is 41021 (base 6) in base 14?
1d89
-10231 (base 5) to base 11
-579
What is 100010000011 (base 2) in base 8?
4203
What is -35183 (base 9) in base 12?
-11710
-245f (base 16) to base 13
-4313
What is 1020010 (base 3) in base 5?
12034
Convert ca8 (base 15) to base 4.
230222
-201120 (base 3) to base 4
-20100
2b0 (base 13) to base 5
3411
Convert 3102 (base 9) to base 4.
203132
What is 227b (base 15) in base 14?
2948
206420 (base 7) to base 6
434042
What is 10212002 (base 3) in base 14?
104a
-706d (base 14) to base 11
-13560
What is 506 (base 10) in base 16?
1fa
What is -340 (base 14) in base 4?
-22010
What is -107336 (base 8) in base 2?
-1000111011011110
Convert 443 (base 9) to base 7.
1026
2088 (base 9) to base 12
a82
What is -2d82 (base 16) in base 8?
-26602
Convert 17642 (base 10) to base 2.
100010011101010
201202211 (base 3) to base 10
14413
Convert -362143 (base 7) to base 12.
-31b61
Convert 2012 (base 6) to base 13.
27b
What is 4278 (base 10) in base 16?
10b6
What is 1320 (base 10) in base 12?
920
-400221 (base 5) to base 8
-30421
Convert 11101000011000 (base 2) to base 11.
101a0
What is 110325 (base 7) in base 5?
1104444
Convert -30050 (base 6) to base 9.
-5333
What is 28d2 (base 16) in base 8?
24322
What is -10001100110 (base 2) in base 16?
-466
Convert -12201 (base 5) to base 8.
-1636
3951 (base 13) to base 2
1111111110010
What is 1233331 (base 6) in base 13?
2458c
Convert -335a4 (base 12) to base 15.
-15341
-1031012 (base 4) to base 15
-16de
-2103412 (base 5) to base 13
-12b34
Convert 170 (base 9) to base 4.
2100
Convert -12142 (base 5) to base 8.
-1632
What is 101001101100011 (base 2) in base 9?
32248
Convert -22110 (base 3) to base 11.
-198
Convert -36c6 (base 14) to base 13.
-4491
Convert -3203 (base 14) to base 5.
-234002
What is -48734 (base 9) in base 15?
-9a34
Convert -7261 (base 9) to base 7.
-21340
810 (base 9) to base 14
34d
What is -1631 (base 8) in base 5?
-12141
25a0 (base 11) to base 2
110100110001
What is 110012210 (base 3) in base 15?
2989
Convert 1356 (base 7) to base 11.
443
-369 (base 12) to base 7
-1332
What is 230 (base 10) in base 3?
22112
Convert -14260 (base 7) to base 5.
-111123
What is 204 (base 7) in base 10?
102
-3362 (base 7) to base 4
-103010
3003320 (base 4) to base 15
3aab
What is -1340402 (base 5) in base 16?
-6bd2
Convert -2122101 (base 3) to base 2.
-11110000111
What is -1024324 (base 5) in base 11?
-12137
What is 6179 (base 10) in base 8?
14043
What is 301023 (base 4) in base 16?
c4b
-101000100101001 (base 2) to base 13
-95c3
Convert 34306 (base 8) to base 7.
60242
Convert -7418 (base 10) to base 9.
-11152
What is -3050 (base 8) in base 13?
-943
12 (base 13) to base 7
21
What is -15 (base 14) in base 16?
-13
-83 (base 13) to base 4
-1223
7673 (base 10) to base 4
1313321
Convert 430 (base 8) to base 5.
2110
Convert -9 (base 14) to base 5.
-14
-34130 (base 6) to base 16
-12c6
What is -24a9 (base 11) in base 7?
-12343
2114 (base 6) to base 14
262
-1365 (base 7) to base 12
-389
Convert 2718 (base 16) to base 3.
111201200
495 (base 12) to base 10
689
-13230 (base 6) to base 8
-3762
10c9 (base 13) to base 7
6613
What is -9570 (base 10) in base 2?
-10010101100010
-120430 (base 8) to base 6
-514532
34141 (base 6) to base 5
123223
42a50 (base 11) to base 3
10011201111
Convert -121110111 (base 3) to base 2.
-10111011100001
Convert 2000 (base 14) to base 2.
1010101110000
Convert -899 (base 11) to base 16.
-434
What is -4270 (base 9) in base 2?
-110001000101
7091 (base 11) to base 8
22311
3619b (base 12) to base 14
1c78b
-4132 (base 16) to base 10
-16690
36450 (base 8) to base 14
59c4
4a7 (base 13) to base 16
32d
2160 (base 11) to base 6
21105
Convert -2833 (base 9) to base 5.
-32021
What is -2021010 (base 3) in base 2?
-11001110010
What is -161 (base 8) in base 14?
-81
Convert -11011000110010 (base 2) to base 14.
-50b0
-89d (base 15) to base 2
-11110011100
Convert -64b (base 12) to base 1